{"id":3,"date":"2023-03-08T19:38:08","date_gmt":"2023-03-08T19:38:08","guid":{"rendered":"https:\/\/sbronkbygg.com\/?page_id=3"},"modified":"2023-03-20T20:53:36","modified_gmt":"2023-03-20T20:53:36","slug":"privacy-policy","status":"publish","type":"page","link":"https:\/\/sbronkbygg.com\/?page_id=3","title":{"rendered":"GDPR"},"content":{"rendered":"\n<h2 class=\"wp-block-heading\">Vem vi \u00e4r<\/h2>\n\n\n\n<p><strong class=\"privacy-policy-tutorial\"> <\/strong>V\u00e5r webbadress \u00e4r : https:\/\/sbronkbygg.com<\/p>\n\n\n\n<p>Fr\u00e5n och med den 25 maj 2018 g\u00e4ller den nya dataskyddsf\u00f6rordningen (GDPR). Syftet med GDPR \u00e4r att s\u00e4kerst\u00e4lla skyddet f\u00f6r fysiska personers personuppgifter. Fysiska personer ska f\u00e5 st\u00f6rre kontroll \u00f6ver sina personuppgifter samtidigt som f\u00f6retag bara beh\u00f6ver f\u00f6rh\u00e5lla sig till ett enda regelverk n\u00e4r de bedriver verksamhet i flera EU-l\u00e4nder. Enligt f\u00f6rordningen \u00e4r personuppgifter all information om en identifierbar fysisk person.<\/p>\n\n\n\n<p>Genom att du v\u00e4ljer att vara v\u00e5r kund s\u00e5 godk\u00e4nner du sj\u00e4lvmant att vi samlar in dina personuppgifter enligt bokf\u00f6ringslagen.<br>F\u00f6ljande personuppgifter har vi registrerat om dig:<\/p>\n\n\n\n<p>\u2013 Namn<br>\u2013 Adress<br>\u2013 Telefonnummer<br>\u2013 Organisationsnummer<br>\u2013 E-postadress<\/p>\n\n\n\n<p>Vi p\u00e5 S.Bronk Bygg AB behandlar inte k\u00e4nsliga personuppgifter, med undantag f\u00f6r jobb med ROT-avdrag.<\/p>\n\n\n\n<p>\u2013 Personnummer (endast vid rotavdrag)<\/p>\n\n\n\n<p>Vi delar personuppgifterna med:<\/p>\n\n\n\n<p>\u2013 Revisor<br>\u2013 Skatteverket (endast vid ROT-avdrag)<\/p>\n\n\n\n<p>Informationen behandlar vi konfidentiellt och anv\u00e4nds endast i samband med utskick av fakturor. Verifikationer med kund- och betalningsuppgifter sparas i enlighet med bokf\u00f6ringslagen.<\/p>\n\n\n\n<p>Kontakta oss g\u00e4rna om du har n\u00e5gra funderingar: <a href=\"mailto:offer@sbronkbygg.com\">offert@sbronkbygg.com<\/a><\/p>\n\n\n\n<p> <\/p>\n","protected":false},"excerpt":{"rendered":"<p>Vem vi \u00e4r V\u00e5r webbadress \u00e4r : https:\/\/sbronkbygg.com Fr\u00e5n och med den 25 maj 2018 g\u00e4ller den nya dataskyddsf\u00f6rordningen (GDPR). Syftet med GDPR \u00e4r att s\u00e4kerst\u00e4lla skyddet f\u00f6r fysiska personers personuppgifter. Fysiska personer ska f\u00e5 st\u00f6rre kontroll \u00f6ver sina personuppgifter samtidigt som f\u00f6retag bara beh\u00f6ver f\u00f6rh\u00e5lla sig till ett enda regelverk n\u00e4r de bedriver verksamhet [&hellip;]<\/p>\n","protected":false},"author":1,"featured_media":0,"parent":0,"menu_order":0,"comment_status":"closed","ping_status":"open","template":"","meta":{"_eb_attr":"","footnotes":""},"_links":{"self":[{"href":"https:\/\/sbronkbygg.com\/index.php?rest_route=\/wp\/v2\/pages\/3"}],"collection":[{"href":"https:\/\/sbronkbygg.com\/index.php?rest_route=\/wp\/v2\/pages"}],"about":[{"href":"https:\/\/sbronkbygg.com\/index.php?rest_route=\/wp\/v2\/types\/page"}],"author":[{"embeddable":true,"href":"https:\/\/sbronkbygg.com\/index.php?rest_route=\/wp\/v2\/users\/1"}],"replies":[{"embeddable":true,"href":"https:\/\/sbronkbygg.com\/index.php?rest_route=%2Fwp%2Fv2%2Fcomments&post=3"}],"version-history":[{"count":3,"href":"https:\/\/sbronkbygg.com\/index.php?rest_route=\/wp\/v2\/pages\/3\/revisions"}],"predecessor-version":[{"id":160,"href":"https:\/\/sbronkbygg.com\/index.php?rest_route=\/wp\/v2\/pages\/3\/revisions\/160"}],"wp:attachment":[{"href":"https:\/\/sbronkbygg.com\/index.php?rest_route=%2Fwp%2Fv2%2Fmedia&parent=3"}],"curies":[{"name":"wp","href":"https:\/\/api.w.org\/{rel}","templated":true}]}}